{"id":9471,"date":"2025-03-05T11:50:44","date_gmt":"2025-03-05T10:50:44","guid":{"rendered":"https:\/\/www.hrprofiaufzeit.ch\/?post_type=team&#038;p=9471"},"modified":"2025-03-05T11:50:44","modified_gmt":"2025-03-05T10:50:44","slug":"lilian-peter","status":"publish","type":"team","link":"https:\/\/www.hrprofiaufzeit.ch\/team\/lilian-peter\/","title":{"rendered":"Lilian Peter"},"content":{"rendered":"<p>Nach der Handelsschule begann Lilian ihre Karriere als Personalassistentin und entwickelte sich hin zur HR-Fachfrau. Basierend auf ihrem Wunsch nach stetigem professionellem Wachstum, absolvierte sie im Jahr 2023 erfolgreich den MAS in Human Resources Leadership. Dank dieser hervorragenden Ausbildung und umfangreicher Erfahrung in verschiedenen Branchen im Bereich HR verf\u00fcgt sie \u00fcber ein breites Spektrum an F\u00e4higkeiten und Kenntnissen, um Organisationen bei ihren personalbezogenen Herausforderungen zu unterst\u00fctzen.<\/p>\n<p>Als Avenir ad Interim HR-Spezialistin ist es Lilians Ziel ist, kontinuierlich neue Einblicke bei verschiedenen Unternehmen und in unterschiedlichen Branchen zu gewinnen, um so ihr Fachwissen zu erweitern.<\/p>\n","protected":false},"featured_media":9472,"template":"","class_list":["post-9471","team","type-team","status-publish","has-post-thumbnail","hentry","sprache-de","sprache-en"],"acf":[],"yoast_head":"<!-- This site is optimized with the Yoast SEO plugin v27.5 - https:\/\/yoast.com\/product\/yoast-seo-wordpress\/ -->\n<title>Lilian Peter &#8211; Avenir Group<\/title>\n<meta name=\"robots\" content=\"index, follow, max-snippet:-1, max-image-preview:large, max-video-preview:-1\" \/>\n<link rel=\"canonical\" href=\"https:\/\/www.hrprofiaufzeit.ch\/fr\/team\/lilian-peter\/\" \/>\n<meta property=\"og:locale\" content=\"fr_FR\" \/>\n<meta property=\"og:type\" content=\"article\" \/>\n<meta property=\"og:title\" content=\"Lilian Peter &#8211; Avenir Group\" \/>\n<meta property=\"og:description\" content=\"Nach der Handelsschule begann Lilian ihre Karriere als Personalassistentin und entwickelte sich hin zur HR-Fachfrau. Basierend auf ihrem Wunsch nach stetigem professionellem Wachstum, absolvierte sie im Jahr 2023 erfolgreich den MAS in Human Resources Leadership. Dank dieser hervorragenden Ausbildung und umfangreicher Erfahrung in verschiedenen Branchen im Bereich HR verf\u00fcgt sie \u00fcber ein breites Spektrum an... weiterlesen\" \/>\n<meta property=\"og:url\" content=\"https:\/\/www.hrprofiaufzeit.ch\/team\/lilian-peter\/\" \/>\n<meta property=\"og:site_name\" content=\"Avenir Group\" \/>\n<meta property=\"article:publisher\" content=\"https:\/\/www.facebook.com\/avenirgroup\" \/>\n<meta property=\"og:image\" content=\"https:\/\/www.hrprofiaufzeit.ch\/wp-content\/uploads\/Peter-Lilian.jpg\" \/>\n\t<meta property=\"og:image:width\" content=\"1500\" \/>\n\t<meta property=\"og:image:height\" content=\"1500\" \/>\n\t<meta property=\"og:image:type\" content=\"image\/jpeg\" \/>\n<meta name=\"twitter:card\" content=\"summary_large_image\" \/>\n<meta name=\"twitter:site\" content=\"@avenirgroup\" \/>\n<script type=\"application\/ld+json\" class=\"yoast-schema-graph\">{\"@context\":\"https:\\\/\\\/schema.org\",\"@graph\":[{\"@type\":\"WebPage\",\"@id\":\"https:\\\/\\\/www.hrprofiaufzeit.ch\\\/team\\\/lilian-peter\\\/\",\"url\":\"https:\\\/\\\/www.hrprofiaufzeit.ch\\\/team\\\/lilian-peter\\\/\",\"name\":\"Lilian Peter &#8211; Avenir Group\",\"isPartOf\":{\"@id\":\"https:\\\/\\\/www.hrprofiaufzeit.ch\\\/fr\\\/#website\"},\"primaryImageOfPage\":{\"@id\":\"https:\\\/\\\/www.hrprofiaufzeit.ch\\\/team\\\/lilian-peter\\\/#primaryimage\"},\"image\":{\"@id\":\"https:\\\/\\\/www.hrprofiaufzeit.ch\\\/team\\\/lilian-peter\\\/#primaryimage\"},\"thumbnailUrl\":\"https:\\\/\\\/www.hrprofiaufzeit.ch\\\/wp-content\\\/uploads\\\/Peter-Lilian.jpg\",\"datePublished\":\"2025-03-05T10:50:44+00:00\",\"breadcrumb\":{\"@id\":\"https:\\\/\\\/www.hrprofiaufzeit.ch\\\/team\\\/lilian-peter\\\/#breadcrumb\"},\"inLanguage\":\"fr-FR\",\"potentialAction\":[{\"@type\":\"ReadAction\",\"target\":[\"https:\\\/\\\/www.hrprofiaufzeit.ch\\\/team\\\/lilian-peter\\\/\"]}]},{\"@type\":\"ImageObject\",\"inLanguage\":\"fr-FR\",\"@id\":\"https:\\\/\\\/www.hrprofiaufzeit.ch\\\/team\\\/lilian-peter\\\/#primaryimage\",\"url\":\"https:\\\/\\\/www.hrprofiaufzeit.ch\\\/wp-content\\\/uploads\\\/Peter-Lilian.jpg\",\"contentUrl\":\"https:\\\/\\\/www.hrprofiaufzeit.ch\\\/wp-content\\\/uploads\\\/Peter-Lilian.jpg\",\"width\":1500,\"height\":1500},{\"@type\":\"BreadcrumbList\",\"@id\":\"https:\\\/\\\/www.hrprofiaufzeit.ch\\\/team\\\/lilian-peter\\\/#breadcrumb\",\"itemListElement\":[{\"@type\":\"ListItem\",\"position\":1,\"name\":\"Home\",\"item\":\"https:\\\/\\\/www.hrprofiaufzeit.ch\\\/fr\\\/\"},{\"@type\":\"ListItem\",\"position\":2,\"name\":\"Lilian Peter\"}]},{\"@type\":\"WebSite\",\"@id\":\"https:\\\/\\\/www.hrprofiaufzeit.ch\\\/fr\\\/#website\",\"url\":\"https:\\\/\\\/www.hrprofiaufzeit.ch\\\/fr\\\/\",\"name\":\"Avenir Group\",\"description\":\"Nous promouvons ensemble les personnes et les organisations.\",\"publisher\":{\"@id\":\"https:\\\/\\\/www.hrprofiaufzeit.ch\\\/fr\\\/#organization\"},\"potentialAction\":[{\"@type\":\"SearchAction\",\"target\":{\"@type\":\"EntryPoint\",\"urlTemplate\":\"https:\\\/\\\/www.hrprofiaufzeit.ch\\\/fr\\\/?s={search_term_string}\"},\"query-input\":{\"@type\":\"PropertyValueSpecification\",\"valueRequired\":true,\"valueName\":\"search_term_string\"}}],\"inLanguage\":\"fr-FR\"},{\"@type\":\"Organization\",\"@id\":\"https:\\\/\\\/www.hrprofiaufzeit.ch\\\/fr\\\/#organization\",\"name\":\"Avenir Group\",\"url\":\"https:\\\/\\\/www.hrprofiaufzeit.ch\\\/fr\\\/\",\"logo\":{\"@type\":\"ImageObject\",\"inLanguage\":\"fr-FR\",\"@id\":\"https:\\\/\\\/www.hrprofiaufzeit.ch\\\/fr\\\/#\\\/schema\\\/logo\\\/image\\\/\",\"url\":\"https:\\\/\\\/www.avenirgroup.ch\\\/wp-content\\\/uploads\\\/avenir.png\",\"contentUrl\":\"https:\\\/\\\/www.avenirgroup.ch\\\/wp-content\\\/uploads\\\/avenir.png\",\"width\":500,\"height\":191,\"caption\":\"Avenir Group\"},\"image\":{\"@id\":\"https:\\\/\\\/www.hrprofiaufzeit.ch\\\/fr\\\/#\\\/schema\\\/logo\\\/image\\\/\"},\"sameAs\":[\"https:\\\/\\\/www.facebook.com\\\/avenirgroup\",\"https:\\\/\\\/x.com\\\/avenirgroup\",\"https:\\\/\\\/www.linkedin.com\\\/company\\\/avenirgroup\",\"https:\\\/\\\/www.youtube.com\\\/channel\\\/UCSsjNOO3GSDq1LChWFv1GBQ\"]}]}<\/script>\n<!-- \/ Yoast SEO plugin. -->","yoast_head_json":{"title":"Lilian Peter &#8211; Avenir Group","robots":{"index":"index","follow":"follow","max-snippet":"max-snippet:-1","max-image-preview":"max-image-preview:large","max-video-preview":"max-video-preview:-1"},"canonical":"https:\/\/www.hrprofiaufzeit.ch\/fr\/team\/lilian-peter\/","og_locale":"fr_FR","og_type":"article","og_title":"Lilian Peter &#8211; Avenir Group","og_description":"Nach der Handelsschule begann Lilian ihre Karriere als Personalassistentin und entwickelte sich hin zur HR-Fachfrau. Basierend auf ihrem Wunsch nach stetigem professionellem Wachstum, absolvierte sie im Jahr 2023 erfolgreich den MAS in Human Resources Leadership. Dank dieser hervorragenden Ausbildung und umfangreicher Erfahrung in verschiedenen Branchen im Bereich HR verf\u00fcgt sie \u00fcber ein breites Spektrum an... weiterlesen","og_url":"https:\/\/www.hrprofiaufzeit.ch\/team\/lilian-peter\/","og_site_name":"Avenir Group","article_publisher":"https:\/\/www.facebook.com\/avenirgroup","og_image":[{"width":1500,"height":1500,"url":"https:\/\/www.hrprofiaufzeit.ch\/wp-content\/uploads\/Peter-Lilian.jpg","type":"image\/jpeg"}],"twitter_card":"summary_large_image","twitter_site":"@avenirgroup","schema":{"@context":"https:\/\/schema.org","@graph":[{"@type":"WebPage","@id":"https:\/\/www.hrprofiaufzeit.ch\/team\/lilian-peter\/","url":"https:\/\/www.hrprofiaufzeit.ch\/team\/lilian-peter\/","name":"Lilian Peter &#8211; Avenir Group","isPartOf":{"@id":"https:\/\/www.hrprofiaufzeit.ch\/fr\/#website"},"primaryImageOfPage":{"@id":"https:\/\/www.hrprofiaufzeit.ch\/team\/lilian-peter\/#primaryimage"},"image":{"@id":"https:\/\/www.hrprofiaufzeit.ch\/team\/lilian-peter\/#primaryimage"},"thumbnailUrl":"https:\/\/www.hrprofiaufzeit.ch\/wp-content\/uploads\/Peter-Lilian.jpg","datePublished":"2025-03-05T10:50:44+00:00","breadcrumb":{"@id":"https:\/\/www.hrprofiaufzeit.ch\/team\/lilian-peter\/#breadcrumb"},"inLanguage":"fr-FR","potentialAction":[{"@type":"ReadAction","target":["https:\/\/www.hrprofiaufzeit.ch\/team\/lilian-peter\/"]}]},{"@type":"ImageObject","inLanguage":"fr-FR","@id":"https:\/\/www.hrprofiaufzeit.ch\/team\/lilian-peter\/#primaryimage","url":"https:\/\/www.hrprofiaufzeit.ch\/wp-content\/uploads\/Peter-Lilian.jpg","contentUrl":"https:\/\/www.hrprofiaufzeit.ch\/wp-content\/uploads\/Peter-Lilian.jpg","width":1500,"height":1500},{"@type":"BreadcrumbList","@id":"https:\/\/www.hrprofiaufzeit.ch\/team\/lilian-peter\/#breadcrumb","itemListElement":[{"@type":"ListItem","position":1,"name":"Home","item":"https:\/\/www.hrprofiaufzeit.ch\/fr\/"},{"@type":"ListItem","position":2,"name":"Lilian Peter"}]},{"@type":"WebSite","@id":"https:\/\/www.hrprofiaufzeit.ch\/fr\/#website","url":"https:\/\/www.hrprofiaufzeit.ch\/fr\/","name":"Avenir Group","description":"Nous promouvons ensemble les personnes et les organisations.","publisher":{"@id":"https:\/\/www.hrprofiaufzeit.ch\/fr\/#organization"},"potentialAction":[{"@type":"SearchAction","target":{"@type":"EntryPoint","urlTemplate":"https:\/\/www.hrprofiaufzeit.ch\/fr\/?s={search_term_string}"},"query-input":{"@type":"PropertyValueSpecification","valueRequired":true,"valueName":"search_term_string"}}],"inLanguage":"fr-FR"},{"@type":"Organization","@id":"https:\/\/www.hrprofiaufzeit.ch\/fr\/#organization","name":"Avenir Group","url":"https:\/\/www.hrprofiaufzeit.ch\/fr\/","logo":{"@type":"ImageObject","inLanguage":"fr-FR","@id":"https:\/\/www.hrprofiaufzeit.ch\/fr\/#\/schema\/logo\/image\/","url":"https:\/\/www.avenirgroup.ch\/wp-content\/uploads\/avenir.png","contentUrl":"https:\/\/www.avenirgroup.ch\/wp-content\/uploads\/avenir.png","width":500,"height":191,"caption":"Avenir Group"},"image":{"@id":"https:\/\/www.hrprofiaufzeit.ch\/fr\/#\/schema\/logo\/image\/"},"sameAs":["https:\/\/www.facebook.com\/avenirgroup","https:\/\/x.com\/avenirgroup","https:\/\/www.linkedin.com\/company\/avenirgroup","https:\/\/www.youtube.com\/channel\/UCSsjNOO3GSDq1LChWFv1GBQ"]}]}},"_links":{"self":[{"href":"https:\/\/www.hrprofiaufzeit.ch\/fr\/wp-json\/wp\/v2\/team\/9471","targetHints":{"allow":["GET"]}}],"collection":[{"href":"https:\/\/www.hrprofiaufzeit.ch\/fr\/wp-json\/wp\/v2\/team"}],"about":[{"href":"https:\/\/www.hrprofiaufzeit.ch\/fr\/wp-json\/wp\/v2\/types\/team"}],"version-history":[{"count":1,"href":"https:\/\/www.hrprofiaufzeit.ch\/fr\/wp-json\/wp\/v2\/team\/9471\/revisions"}],"predecessor-version":[{"id":9474,"href":"https:\/\/www.hrprofiaufzeit.ch\/fr\/wp-json\/wp\/v2\/team\/9471\/revisions\/9474"}],"wp:featuredmedia":[{"embeddable":true,"href":"https:\/\/www.hrprofiaufzeit.ch\/fr\/wp-json\/wp\/v2\/media\/9472"}],"wp:attachment":[{"href":"https:\/\/www.hrprofiaufzeit.ch\/fr\/wp-json\/wp\/v2\/media?parent=9471"}],"curies":[{"name":"wp","href":"https:\/\/api.w.org\/{rel}","templated":true}]}}

<p>Nach der Handelsschule begann Lilian ihre Karriere als Personalassistentin und entwickelte sich hin zur HR-Fachfrau. Basierend auf ihrem Wunsch nach stetigem professionellem Wachstum, absolvierte sie im Jahr 2023 erfolgreich den MAS in Human Resources Leadership. Dank dieser hervorragenden Ausbildung und umfangreicher Erfahrung in verschiedenen Branchen im Bereich HR verfügt sie über ein breites Spektrum an Fähigkeiten und Kenntnissen, um Organisationen bei ihren personalbezogenen Herausforderungen zu unterstützen.</p>
<p>Als Avenir ad Interim HR-Spezialistin ist es Lilians Ziel ist, kontinuierlich neue Einblicke bei verschiedenen Unternehmen und in unterschiedlichen Branchen zu gewinnen, um so ihr Fachwissen zu erweitern.</p>

<!-- This site is optimized with the Yoast SEO plugin v27.5 - https://yoast.com/product/yoast-seo-wordpress/ -->
<title>Lilian Peter &#8211; Avenir Group</title>
<meta name="robots" content="index, follow, max-snippet:-1, max-image-preview:large, max-video-preview:-1" />
<link rel="canonical" href="https://www.hrprofiaufzeit.ch/fr/team/lilian-peter/" />
<meta property="og:locale" content="fr_FR" />
<meta property="og:type" content="article" />
<meta property="og:title" content="Lilian Peter &#8211; Avenir Group" />
<meta property="og:description" content="Nach der Handelsschule begann Lilian ihre Karriere als Personalassistentin und entwickelte sich hin zur HR-Fachfrau. Basierend auf ihrem Wunsch nach stetigem professionellem Wachstum, absolvierte sie im Jahr 2023 erfolgreich den MAS in Human Resources Leadership. Dank dieser hervorragenden Ausbildung und umfangreicher Erfahrung in verschiedenen Branchen im Bereich HR verfügt sie über ein breites Spektrum an... weiterlesen" />
<meta property="og:url" content="https://www.hrprofiaufzeit.ch/team/lilian-peter/" />
<meta property="og:site_name" content="Avenir Group" />
<meta property="article:publisher" content="https://www.facebook.com/avenirgroup" />
<meta property="og:image" content="https://www.hrprofiaufzeit.ch/wp-content/uploads/Peter-Lilian.jpg" />
	<meta property="og:image:width" content="1500" />
	<meta property="og:image:height" content="1500" />
	<meta property="og:image:type" content="image/jpeg" />
<meta name="twitter:card" content="summary_large_image" />
<meta name="twitter:site" content="@avenirgroup" />
<script type="application/ld+json" class="yoast-schema-graph">{"@context":"https:\/\/schema.org","@graph":[{"@type":"WebPage","@id":"https:\/\/www.hrprofiaufzeit.ch\/team\/lilian-peter\/","url":"https:\/\/www.hrprofiaufzeit.ch\/team\/lilian-peter\/","name":"Lilian Peter &#8211; Avenir Group","isPartOf":{"@id":"https:\/\/www.hrprofiaufzeit.ch\/fr\/#website"},"primaryImageOfPage":{"@id":"https:\/\/www.hrprofiaufzeit.ch\/team\/lilian-peter\/#primaryimage"},"image":{"@id":"https:\/\/www.hrprofiaufzeit.ch\/team\/lilian-peter\/#primaryimage"},"thumbnailUrl":"https:\/\/www.hrprofiaufzeit.ch\/wp-content\/uploads\/Peter-Lilian.jpg","datePublished":"2025-03-05T10:50:44+00:00","breadcrumb":{"@id":"https:\/\/www.hrprofiaufzeit.ch\/team\/lilian-peter\/#breadcrumb"},"inLanguage":"fr-FR","potentialAction":[{"@type":"ReadAction","target":["https:\/\/www.hrprofiaufzeit.ch\/team\/lilian-peter\/"]}]},{"@type":"ImageObject","inLanguage":"fr-FR","@id":"https:\/\/www.hrprofiaufzeit.ch\/team\/lilian-peter\/#primaryimage","url":"https:\/\/www.hrprofiaufzeit.ch\/wp-content\/uploads\/Peter-Lilian.jpg","contentUrl":"https:\/\/www.hrprofiaufzeit.ch\/wp-content\/uploads\/Peter-Lilian.jpg","width":1500,"height":1500},{"@type":"BreadcrumbList","@id":"https:\/\/www.hrprofiaufzeit.ch\/team\/lilian-peter\/#breadcrumb","itemListElement":[{"@type":"ListItem","position":1,"name":"Home","item":"https:\/\/www.hrprofiaufzeit.ch\/fr\/"},{"@type":"ListItem","position":2,"name":"Lilian Peter"}]},{"@type":"WebSite","@id":"https:\/\/www.hrprofiaufzeit.ch\/fr\/#website","url":"https:\/\/www.hrprofiaufzeit.ch\/fr\/","name":"Avenir Group","description":"Nous promouvons ensemble les personnes et les organisations.","publisher":{"@id":"https:\/\/www.hrprofiaufzeit.ch\/fr\/#organization"},"potentialAction":[{"@type":"SearchAction","target":{"@type":"EntryPoint","urlTemplate":"https:\/\/www.hrprofiaufzeit.ch\/fr\/?s={search_term_string}"},"query-input":{"@type":"PropertyValueSpecification","valueRequired":true,"valueName":"search_term_string"}}],"inLanguage":"fr-FR"},{"@type":"Organization","@id":"https:\/\/www.hrprofiaufzeit.ch\/fr\/#organization","name":"Avenir Group","url":"https:\/\/www.hrprofiaufzeit.ch\/fr\/","logo":{"@type":"ImageObject","inLanguage":"fr-FR","@id":"https:\/\/www.hrprofiaufzeit.ch\/fr\/#\/schema\/logo\/image\/","url":"https:\/\/www.avenirgroup.ch\/wp-content\/uploads\/avenir.png","contentUrl":"https:\/\/www.avenirgroup.ch\/wp-content\/uploads\/avenir.png","width":500,"height":191,"caption":"Avenir Group"},"image":{"@id":"https:\/\/www.hrprofiaufzeit.ch\/fr\/#\/schema\/logo\/image\/"},"sameAs":["https:\/\/www.facebook.com\/avenirgroup","https:\/\/x.com\/avenirgroup","https:\/\/www.linkedin.com\/company\/avenirgroup","https:\/\/www.youtube.com\/channel\/UCSsjNOO3GSDq1LChWFv1GBQ"]}]}</script>
<!-- / Yoast SEO plugin. -->

Nach der Handelsschule begann Lilian ihre Karriere als Personalassistentin und entwickelte sich hin zur HR-Fachfrau. Basierend auf ihrem Wunsch nach stetigem professionellem Wachstum, absolvierte sie im Jahr 2023 erfolgreich den MAS in Human Resources Leadership. Dank dieser hervorragenden Ausbildung und umfangreicher Erfahrung in verschiedenen Branchen im Bereich HR verfügt sie über ein breites Spektrum an... weiterlesen
