{"id":8077,"date":"2022-04-06T18:31:43","date_gmt":"2022-04-06T16:31:43","guid":{"rendered":"https:\/\/www.avenirgroup.ch\/?post_type=team&#038;p=8077"},"modified":"2022-04-07T10:16:47","modified_gmt":"2022-04-07T08:16:47","slug":"veronique-cadiou","status":"publish","type":"team","link":"https:\/\/www.hrprofiaufzeit.ch\/fr\/team\/veronique-cadiou\/","title":{"rendered":"V\u00e9ronique Cadiou"},"content":{"rendered":"<p>Psychologue du travail de formation, V\u00e9ronique place la r\u00e9ussite commune de l&rsquo;entreprise et des collaborateurs au premier plan. Autour de son expertise principale en Assessment, son domaine d\u2019intervention chez Avenir Group, elle travaille aussi dans l\u2019accompagnement, le Leadership Development, l\u2019Executive Coaching, et par conviction, dans la Diversit\u00e9 et l&rsquo;Inclusion. Sur le plan personnel, elle est b\u00e9n\u00e9vole dans une association de promotion de la diversit\u00e9 en entreprise et fait notamment du mentoring pour accompagner les femmes dans leur positionnement de cadre.<\/p>\n","protected":false},"featured_media":6022,"template":"","class_list":["post-8077","team","type-team","status-publish","has-post-thumbnail","hentry","sprache-de-fr-2","sprache-en-fr-2","sprache-fr-fr-2"],"acf":[],"yoast_head":"<!-- This site is optimized with the Yoast SEO plugin v27.5 - https:\/\/yoast.com\/product\/yoast-seo-wordpress\/ -->\n<title>V\u00e9ronique Cadiou &#8211; Avenir Group<\/title>\n<meta name=\"robots\" content=\"index, follow, max-snippet:-1, max-image-preview:large, max-video-preview:-1\" \/>\n<link rel=\"canonical\" href=\"https:\/\/www.hrprofiaufzeit.ch\/fr\/team\/veronique-cadiou\/\" \/>\n<meta property=\"og:locale\" content=\"fr_FR\" \/>\n<meta property=\"og:type\" content=\"article\" \/>\n<meta property=\"og:title\" content=\"V\u00e9ronique Cadiou &#8211; Avenir Group\" \/>\n<meta property=\"og:description\" content=\"Psychologue du travail de formation, V\u00e9ronique place la r\u00e9ussite commune de l&rsquo;entreprise et des collaborateurs au premier plan. Autour de son expertise principale en Assessment, son domaine d\u2019intervention chez Avenir Group, elle travaille aussi dans l\u2019accompagnement, le Leadership Development, l\u2019Executive Coaching, et par conviction, dans la Diversit\u00e9 et l&rsquo;Inclusion. Sur le plan personnel, elle est... weiterlesen\" \/>\n<meta property=\"og:url\" content=\"https:\/\/www.hrprofiaufzeit.ch\/fr\/team\/veronique-cadiou\/\" \/>\n<meta property=\"og:site_name\" content=\"Avenir Group\" \/>\n<meta property=\"article:publisher\" content=\"https:\/\/www.facebook.com\/avenirgroup\" \/>\n<meta property=\"article:modified_time\" content=\"2022-04-07T08:16:47+00:00\" \/>\n<meta property=\"og:image\" content=\"https:\/\/www.hrprofiaufzeit.ch\/wp-content\/uploads\/AdobeStock_243514259-1-1-scaled.jpg\" \/>\n\t<meta property=\"og:image:width\" content=\"2560\" \/>\n\t<meta property=\"og:image:height\" content=\"2560\" \/>\n\t<meta property=\"og:image:type\" content=\"image\/jpeg\" \/>\n<meta name=\"twitter:card\" content=\"summary_large_image\" \/>\n<meta name=\"twitter:site\" content=\"@avenirgroup\" \/>\n<script type=\"application\/ld+json\" class=\"yoast-schema-graph\">{\"@context\":\"https:\\\/\\\/schema.org\",\"@graph\":[{\"@type\":\"WebPage\",\"@id\":\"https:\\\/\\\/www.hrprofiaufzeit.ch\\\/fr\\\/team\\\/veronique-cadiou\\\/\",\"url\":\"https:\\\/\\\/www.hrprofiaufzeit.ch\\\/fr\\\/team\\\/veronique-cadiou\\\/\",\"name\":\"V\u00e9ronique Cadiou &#8211; Avenir Group\",\"isPartOf\":{\"@id\":\"https:\\\/\\\/www.hrprofiaufzeit.ch\\\/fr\\\/#website\"},\"primaryImageOfPage\":{\"@id\":\"https:\\\/\\\/www.hrprofiaufzeit.ch\\\/fr\\\/team\\\/veronique-cadiou\\\/#primaryimage\"},\"image\":{\"@id\":\"https:\\\/\\\/www.hrprofiaufzeit.ch\\\/fr\\\/team\\\/veronique-cadiou\\\/#primaryimage\"},\"thumbnailUrl\":\"https:\\\/\\\/www.hrprofiaufzeit.ch\\\/wp-content\\\/uploads\\\/AdobeStock_243514259-1-1-scaled.jpg\",\"datePublished\":\"2022-04-06T16:31:43+00:00\",\"dateModified\":\"2022-04-07T08:16:47+00:00\",\"breadcrumb\":{\"@id\":\"https:\\\/\\\/www.hrprofiaufzeit.ch\\\/fr\\\/team\\\/veronique-cadiou\\\/#breadcrumb\"},\"inLanguage\":\"fr-FR\",\"potentialAction\":[{\"@type\":\"ReadAction\",\"target\":[\"https:\\\/\\\/www.hrprofiaufzeit.ch\\\/fr\\\/team\\\/veronique-cadiou\\\/\"]}]},{\"@type\":\"ImageObject\",\"inLanguage\":\"fr-FR\",\"@id\":\"https:\\\/\\\/www.hrprofiaufzeit.ch\\\/fr\\\/team\\\/veronique-cadiou\\\/#primaryimage\",\"url\":\"https:\\\/\\\/www.hrprofiaufzeit.ch\\\/wp-content\\\/uploads\\\/AdobeStock_243514259-1-1-scaled.jpg\",\"contentUrl\":\"https:\\\/\\\/www.hrprofiaufzeit.ch\\\/wp-content\\\/uploads\\\/AdobeStock_243514259-1-1-scaled.jpg\",\"width\":2560,\"height\":2560},{\"@type\":\"BreadcrumbList\",\"@id\":\"https:\\\/\\\/www.hrprofiaufzeit.ch\\\/fr\\\/team\\\/veronique-cadiou\\\/#breadcrumb\",\"itemListElement\":[{\"@type\":\"ListItem\",\"position\":1,\"name\":\"Home\",\"item\":\"https:\\\/\\\/www.hrprofiaufzeit.ch\\\/fr\\\/\"},{\"@type\":\"ListItem\",\"position\":2,\"name\":\"V\u00e9ronique Cadiou\"}]},{\"@type\":\"WebSite\",\"@id\":\"https:\\\/\\\/www.hrprofiaufzeit.ch\\\/fr\\\/#website\",\"url\":\"https:\\\/\\\/www.hrprofiaufzeit.ch\\\/fr\\\/\",\"name\":\"Avenir Group\",\"description\":\"Nous promouvons ensemble les personnes et les organisations.\",\"publisher\":{\"@id\":\"https:\\\/\\\/www.hrprofiaufzeit.ch\\\/fr\\\/#organization\"},\"potentialAction\":[{\"@type\":\"SearchAction\",\"target\":{\"@type\":\"EntryPoint\",\"urlTemplate\":\"https:\\\/\\\/www.hrprofiaufzeit.ch\\\/fr\\\/?s={search_term_string}\"},\"query-input\":{\"@type\":\"PropertyValueSpecification\",\"valueRequired\":true,\"valueName\":\"search_term_string\"}}],\"inLanguage\":\"fr-FR\"},{\"@type\":\"Organization\",\"@id\":\"https:\\\/\\\/www.hrprofiaufzeit.ch\\\/fr\\\/#organization\",\"name\":\"Avenir Group\",\"url\":\"https:\\\/\\\/www.hrprofiaufzeit.ch\\\/fr\\\/\",\"logo\":{\"@type\":\"ImageObject\",\"inLanguage\":\"fr-FR\",\"@id\":\"https:\\\/\\\/www.hrprofiaufzeit.ch\\\/fr\\\/#\\\/schema\\\/logo\\\/image\\\/\",\"url\":\"https:\\\/\\\/www.avenirgroup.ch\\\/wp-content\\\/uploads\\\/avenir.png\",\"contentUrl\":\"https:\\\/\\\/www.avenirgroup.ch\\\/wp-content\\\/uploads\\\/avenir.png\",\"width\":500,\"height\":191,\"caption\":\"Avenir Group\"},\"image\":{\"@id\":\"https:\\\/\\\/www.hrprofiaufzeit.ch\\\/fr\\\/#\\\/schema\\\/logo\\\/image\\\/\"},\"sameAs\":[\"https:\\\/\\\/www.facebook.com\\\/avenirgroup\",\"https:\\\/\\\/x.com\\\/avenirgroup\",\"https:\\\/\\\/www.linkedin.com\\\/company\\\/avenirgroup\",\"https:\\\/\\\/www.youtube.com\\\/channel\\\/UCSsjNOO3GSDq1LChWFv1GBQ\"]}]}<\/script>\n<!-- \/ Yoast SEO plugin. -->","yoast_head_json":{"title":"V\u00e9ronique Cadiou &#8211; Avenir Group","robots":{"index":"index","follow":"follow","max-snippet":"max-snippet:-1","max-image-preview":"max-image-preview:large","max-video-preview":"max-video-preview:-1"},"canonical":"https:\/\/www.hrprofiaufzeit.ch\/fr\/team\/veronique-cadiou\/","og_locale":"fr_FR","og_type":"article","og_title":"V\u00e9ronique Cadiou &#8211; Avenir Group","og_description":"Psychologue du travail de formation, V\u00e9ronique place la r\u00e9ussite commune de l&rsquo;entreprise et des collaborateurs au premier plan. Autour de son expertise principale en Assessment, son domaine d\u2019intervention chez Avenir Group, elle travaille aussi dans l\u2019accompagnement, le Leadership Development, l\u2019Executive Coaching, et par conviction, dans la Diversit\u00e9 et l&rsquo;Inclusion. Sur le plan personnel, elle est... weiterlesen","og_url":"https:\/\/www.hrprofiaufzeit.ch\/fr\/team\/veronique-cadiou\/","og_site_name":"Avenir Group","article_publisher":"https:\/\/www.facebook.com\/avenirgroup","article_modified_time":"2022-04-07T08:16:47+00:00","og_image":[{"width":2560,"height":2560,"url":"https:\/\/www.hrprofiaufzeit.ch\/wp-content\/uploads\/AdobeStock_243514259-1-1-scaled.jpg","type":"image\/jpeg"}],"twitter_card":"summary_large_image","twitter_site":"@avenirgroup","schema":{"@context":"https:\/\/schema.org","@graph":[{"@type":"WebPage","@id":"https:\/\/www.hrprofiaufzeit.ch\/fr\/team\/veronique-cadiou\/","url":"https:\/\/www.hrprofiaufzeit.ch\/fr\/team\/veronique-cadiou\/","name":"V\u00e9ronique Cadiou &#8211; Avenir Group","isPartOf":{"@id":"https:\/\/www.hrprofiaufzeit.ch\/fr\/#website"},"primaryImageOfPage":{"@id":"https:\/\/www.hrprofiaufzeit.ch\/fr\/team\/veronique-cadiou\/#primaryimage"},"image":{"@id":"https:\/\/www.hrprofiaufzeit.ch\/fr\/team\/veronique-cadiou\/#primaryimage"},"thumbnailUrl":"https:\/\/www.hrprofiaufzeit.ch\/wp-content\/uploads\/AdobeStock_243514259-1-1-scaled.jpg","datePublished":"2022-04-06T16:31:43+00:00","dateModified":"2022-04-07T08:16:47+00:00","breadcrumb":{"@id":"https:\/\/www.hrprofiaufzeit.ch\/fr\/team\/veronique-cadiou\/#breadcrumb"},"inLanguage":"fr-FR","potentialAction":[{"@type":"ReadAction","target":["https:\/\/www.hrprofiaufzeit.ch\/fr\/team\/veronique-cadiou\/"]}]},{"@type":"ImageObject","inLanguage":"fr-FR","@id":"https:\/\/www.hrprofiaufzeit.ch\/fr\/team\/veronique-cadiou\/#primaryimage","url":"https:\/\/www.hrprofiaufzeit.ch\/wp-content\/uploads\/AdobeStock_243514259-1-1-scaled.jpg","contentUrl":"https:\/\/www.hrprofiaufzeit.ch\/wp-content\/uploads\/AdobeStock_243514259-1-1-scaled.jpg","width":2560,"height":2560},{"@type":"BreadcrumbList","@id":"https:\/\/www.hrprofiaufzeit.ch\/fr\/team\/veronique-cadiou\/#breadcrumb","itemListElement":[{"@type":"ListItem","position":1,"name":"Home","item":"https:\/\/www.hrprofiaufzeit.ch\/fr\/"},{"@type":"ListItem","position":2,"name":"V\u00e9ronique Cadiou"}]},{"@type":"WebSite","@id":"https:\/\/www.hrprofiaufzeit.ch\/fr\/#website","url":"https:\/\/www.hrprofiaufzeit.ch\/fr\/","name":"Avenir Group","description":"Nous promouvons ensemble les personnes et les organisations.","publisher":{"@id":"https:\/\/www.hrprofiaufzeit.ch\/fr\/#organization"},"potentialAction":[{"@type":"SearchAction","target":{"@type":"EntryPoint","urlTemplate":"https:\/\/www.hrprofiaufzeit.ch\/fr\/?s={search_term_string}"},"query-input":{"@type":"PropertyValueSpecification","valueRequired":true,"valueName":"search_term_string"}}],"inLanguage":"fr-FR"},{"@type":"Organization","@id":"https:\/\/www.hrprofiaufzeit.ch\/fr\/#organization","name":"Avenir Group","url":"https:\/\/www.hrprofiaufzeit.ch\/fr\/","logo":{"@type":"ImageObject","inLanguage":"fr-FR","@id":"https:\/\/www.hrprofiaufzeit.ch\/fr\/#\/schema\/logo\/image\/","url":"https:\/\/www.avenirgroup.ch\/wp-content\/uploads\/avenir.png","contentUrl":"https:\/\/www.avenirgroup.ch\/wp-content\/uploads\/avenir.png","width":500,"height":191,"caption":"Avenir Group"},"image":{"@id":"https:\/\/www.hrprofiaufzeit.ch\/fr\/#\/schema\/logo\/image\/"},"sameAs":["https:\/\/www.facebook.com\/avenirgroup","https:\/\/x.com\/avenirgroup","https:\/\/www.linkedin.com\/company\/avenirgroup","https:\/\/www.youtube.com\/channel\/UCSsjNOO3GSDq1LChWFv1GBQ"]}]}},"_links":{"self":[{"href":"https:\/\/www.hrprofiaufzeit.ch\/fr\/wp-json\/wp\/v2\/team\/8077","targetHints":{"allow":["GET"]}}],"collection":[{"href":"https:\/\/www.hrprofiaufzeit.ch\/fr\/wp-json\/wp\/v2\/team"}],"about":[{"href":"https:\/\/www.hrprofiaufzeit.ch\/fr\/wp-json\/wp\/v2\/types\/team"}],"version-history":[{"count":2,"href":"https:\/\/www.hrprofiaufzeit.ch\/fr\/wp-json\/wp\/v2\/team\/8077\/revisions"}],"predecessor-version":[{"id":8081,"href":"https:\/\/www.hrprofiaufzeit.ch\/fr\/wp-json\/wp\/v2\/team\/8077\/revisions\/8081"}],"wp:featuredmedia":[{"embeddable":true,"href":"https:\/\/www.hrprofiaufzeit.ch\/fr\/wp-json\/wp\/v2\/media\/6022"}],"wp:attachment":[{"href":"https:\/\/www.hrprofiaufzeit.ch\/fr\/wp-json\/wp\/v2\/media?parent=8077"}],"curies":[{"name":"wp","href":"https:\/\/api.w.org\/{rel}","templated":true}]}}

Véronique Cadiou

<p>Psychologue du travail de formation, Véronique place la réussite commune de l&rsquo;entreprise et des collaborateurs au premier plan. Autour de son expertise principale en Assessment, son domaine d’intervention chez Avenir Group, elle travaille aussi dans l’accompagnement, le Leadership Development, l’Executive Coaching, et par conviction, dans la Diversité et l&rsquo;Inclusion. Sur le plan personnel, elle est bénévole dans une association de promotion de la diversité en entreprise et fait notamment du mentoring pour accompagner les femmes dans leur positionnement de cadre.</p>

<!-- This site is optimized with the Yoast SEO plugin v27.5 - https://yoast.com/product/yoast-seo-wordpress/ -->
<title>Véronique Cadiou &#8211; Avenir Group</title>
<meta name="robots" content="index, follow, max-snippet:-1, max-image-preview:large, max-video-preview:-1" />
<link rel="canonical" href="https://www.hrprofiaufzeit.ch/fr/team/veronique-cadiou/" />
<meta property="og:locale" content="fr_FR" />
<meta property="og:type" content="article" />
<meta property="og:title" content="Véronique Cadiou &#8211; Avenir Group" />
<meta property="og:description" content="Psychologue du travail de formation, Véronique place la réussite commune de l&rsquo;entreprise et des collaborateurs au premier plan. Autour de son expertise principale en Assessment, son domaine d’intervention chez Avenir Group, elle travaille aussi dans l’accompagnement, le Leadership Development, l’Executive Coaching, et par conviction, dans la Diversité et l&rsquo;Inclusion. Sur le plan personnel, elle est... weiterlesen" />
<meta property="og:url" content="https://www.hrprofiaufzeit.ch/fr/team/veronique-cadiou/" />
<meta property="og:site_name" content="Avenir Group" />
<meta property="article:publisher" content="https://www.facebook.com/avenirgroup" />
<meta property="article:modified_time" content="2022-04-07T08:16:47+00:00" />
<meta property="og:image" content="https://www.hrprofiaufzeit.ch/wp-content/uploads/AdobeStock_243514259-1-1-scaled.jpg" />
	<meta property="og:image:width" content="2560" />
	<meta property="og:image:height" content="2560" />
	<meta property="og:image:type" content="image/jpeg" />
<meta name="twitter:card" content="summary_large_image" />
<meta name="twitter:site" content="@avenirgroup" />
<script type="application/ld+json" class="yoast-schema-graph">{"@context":"https:\/\/schema.org","@graph":[{"@type":"WebPage","@id":"https:\/\/www.hrprofiaufzeit.ch\/fr\/team\/veronique-cadiou\/","url":"https:\/\/www.hrprofiaufzeit.ch\/fr\/team\/veronique-cadiou\/","name":"Véronique Cadiou &#8211; Avenir Group","isPartOf":{"@id":"https:\/\/www.hrprofiaufzeit.ch\/fr\/#website"},"primaryImageOfPage":{"@id":"https:\/\/www.hrprofiaufzeit.ch\/fr\/team\/veronique-cadiou\/#primaryimage"},"image":{"@id":"https:\/\/www.hrprofiaufzeit.ch\/fr\/team\/veronique-cadiou\/#primaryimage"},"thumbnailUrl":"https:\/\/www.hrprofiaufzeit.ch\/wp-content\/uploads\/AdobeStock_243514259-1-1-scaled.jpg","datePublished":"2022-04-06T16:31:43+00:00","dateModified":"2022-04-07T08:16:47+00:00","breadcrumb":{"@id":"https:\/\/www.hrprofiaufzeit.ch\/fr\/team\/veronique-cadiou\/#breadcrumb"},"inLanguage":"fr-FR","potentialAction":[{"@type":"ReadAction","target":["https:\/\/www.hrprofiaufzeit.ch\/fr\/team\/veronique-cadiou\/"]}]},{"@type":"ImageObject","inLanguage":"fr-FR","@id":"https:\/\/www.hrprofiaufzeit.ch\/fr\/team\/veronique-cadiou\/#primaryimage","url":"https:\/\/www.hrprofiaufzeit.ch\/wp-content\/uploads\/AdobeStock_243514259-1-1-scaled.jpg","contentUrl":"https:\/\/www.hrprofiaufzeit.ch\/wp-content\/uploads\/AdobeStock_243514259-1-1-scaled.jpg","width":2560,"height":2560},{"@type":"BreadcrumbList","@id":"https:\/\/www.hrprofiaufzeit.ch\/fr\/team\/veronique-cadiou\/#breadcrumb","itemListElement":[{"@type":"ListItem","position":1,"name":"Home","item":"https:\/\/www.hrprofiaufzeit.ch\/fr\/"},{"@type":"ListItem","position":2,"name":"Véronique Cadiou"}]},{"@type":"WebSite","@id":"https:\/\/www.hrprofiaufzeit.ch\/fr\/#website","url":"https:\/\/www.hrprofiaufzeit.ch\/fr\/","name":"Avenir Group","description":"Nous promouvons ensemble les personnes et les organisations.","publisher":{"@id":"https:\/\/www.hrprofiaufzeit.ch\/fr\/#organization"},"potentialAction":[{"@type":"SearchAction","target":{"@type":"EntryPoint","urlTemplate":"https:\/\/www.hrprofiaufzeit.ch\/fr\/?s={search_term_string}"},"query-input":{"@type":"PropertyValueSpecification","valueRequired":true,"valueName":"search_term_string"}}],"inLanguage":"fr-FR"},{"@type":"Organization","@id":"https:\/\/www.hrprofiaufzeit.ch\/fr\/#organization","name":"Avenir Group","url":"https:\/\/www.hrprofiaufzeit.ch\/fr\/","logo":{"@type":"ImageObject","inLanguage":"fr-FR","@id":"https:\/\/www.hrprofiaufzeit.ch\/fr\/#\/schema\/logo\/image\/","url":"https:\/\/www.avenirgroup.ch\/wp-content\/uploads\/avenir.png","contentUrl":"https:\/\/www.avenirgroup.ch\/wp-content\/uploads\/avenir.png","width":500,"height":191,"caption":"Avenir Group"},"image":{"@id":"https:\/\/www.hrprofiaufzeit.ch\/fr\/#\/schema\/logo\/image\/"},"sameAs":["https:\/\/www.facebook.com\/avenirgroup","https:\/\/x.com\/avenirgroup","https:\/\/www.linkedin.com\/company\/avenirgroup","https:\/\/www.youtube.com\/channel\/UCSsjNOO3GSDq1LChWFv1GBQ"]}]}</script>
<!-- / Yoast SEO plugin. -->

Véronique Cadiou &#8211; Avenir Group

Psychologue du travail de formation, Véronique place la réussite commune de l&rsquo;entreprise et des collaborateurs au premier plan. Autour de son expertise principale en Assessment, son domaine d’intervention chez Avenir Group, elle travaille aussi dans l’accompagnement, le Leadership Development, l’Executive Coaching, et par conviction, dans la Diversité et l&rsquo;Inclusion. Sur le plan personnel, elle est... weiterlesen
