{"id":4166,"date":"2018-04-22T22:21:39","date_gmt":"2018-04-22T20:21:39","guid":{"rendered":"https:\/\/www.avenirgroup.ch\/?page_id=4166"},"modified":"2023-03-16T16:53:07","modified_gmt":"2023-03-16T15:53:07","slug":"ueber-uns","status":"publish","type":"page","link":"https:\/\/www.hrprofiaufzeit.ch\/fr\/ueber-uns\/","title":{"rendered":"\u00c0 propos"},"content":{"rendered":"<p>En tant que soci\u00e9t\u00e9 de conseil et de services dirig\u00e9e par ses fondateurs et propri\u00e9taires et ax\u00e9e sur la gestion des ressources humaines, Avenir occupe aujourd\u2019hui une position de leader sur le march\u00e9 suisse. Nous conseillons nos clients et mettons en \u0153uvre avec eux des projets et des solutions dans les domaines suivants :<\/p>\n<ul>\n<li><strong>Consulting<\/strong> \u2013 Conseil RH innovant et orient\u00e9 vers la strat\u00e9gie<\/li>\n<li><strong>Assessment<\/strong> \u2013 Diagnostic psychologique et \u00e9conomique fond\u00e9<\/li>\n<li><strong>Training<\/strong> \u2013 Formations sur mesure et bas\u00e9es sur la pratique<\/li>\n<li><strong>Outplacement<\/strong> \u2013 Gestion active de carri\u00e8re et en cas de s\u00e9paration professionnelle<\/li>\n<li><strong>Services<\/strong> \u2013 Concentrer les forces et les utiliser de mani\u00e8re optimale<\/li>\n<\/ul>\n<p>&nbsp;<\/p>\n<p>Pr\u00e8s de 100 collaboratrices et collaborateurs \u00e0 Zurich, Berne, Lucerne, B\u00e2le, Coire et Lausanne mettent cet objectif en pratique avec la plus grande motivation en se servant de l\u2019\u00e9ventail complet de solutions RH innovantes qui ont fait leurs preuves. Ainsi, nous accompagnons nos clients de diff\u00e9rents secteurs d\u2019activit\u00e9 dans toutes les questions relatives \u00e0 la gestion moderne des ressources humaines.<\/p>\n","protected":false},"excerpt":{"rendered":"<p>En tant que soci\u00e9t\u00e9 de conseil et de services dirig\u00e9e par ses fondateurs et propri\u00e9taires et ax\u00e9e sur la gestion des ressources humaines, Avenir occupe aujourd\u2019hui une position de leader sur le march\u00e9 suisse. Nous conseillons nos clients et mettons en \u0153uvre avec eux des projets et des solutions dans les domaines suivants : Consulting<a href=\"https:\/\/www.hrprofiaufzeit.ch\/fr\/ueber-uns\/\" style=\"font-weight:bold;\" rel=\"nofollow\">&#8230; weiterlesen<\/a><\/p>\n","protected":false},"author":1,"featured_media":0,"parent":0,"menu_order":2,"comment_status":"closed","ping_status":"closed","template":"","meta":{"_acf_changed":false,"_monsterinsights_skip_tracking":false,"_monsterinsights_sitenote_active":false,"_monsterinsights_sitenote_note":"","_monsterinsights_sitenote_category":0,"footnotes":""},"class_list":["post-4166","page","type-page","status-publish","hentry"],"acf":[],"yoast_head":"<!-- This site is optimized with the Yoast SEO plugin v27.5 - https:\/\/yoast.com\/product\/yoast-seo-wordpress\/ -->\n<title>\u00c0 propos &#8211; Avenir Group<\/title>\n<meta name=\"robots\" content=\"index, follow, max-snippet:-1, max-image-preview:large, max-video-preview:-1\" \/>\n<link rel=\"canonical\" href=\"https:\/\/www.hrprofiaufzeit.ch\/fr\/ueber-uns\/\" \/>\n<meta property=\"og:locale\" content=\"fr_FR\" \/>\n<meta property=\"og:type\" content=\"article\" \/>\n<meta property=\"og:title\" content=\"\u00c0 propos &#8211; Avenir Group\" \/>\n<meta property=\"og:description\" content=\"En tant que soci\u00e9t\u00e9 de conseil et de services dirig\u00e9e par ses fondateurs et propri\u00e9taires et ax\u00e9e sur la gestion des ressources humaines, Avenir occupe aujourd\u2019hui une position de leader sur le march\u00e9 suisse. Nous conseillons nos clients et mettons en \u0153uvre avec eux des projets et des solutions dans les domaines suivants : Consulting... weiterlesen\" \/>\n<meta property=\"og:url\" content=\"https:\/\/www.hrprofiaufzeit.ch\/fr\/ueber-uns\/\" \/>\n<meta property=\"og:site_name\" content=\"Avenir Group\" \/>\n<meta property=\"article:publisher\" content=\"https:\/\/www.facebook.com\/avenirgroup\" \/>\n<meta property=\"article:modified_time\" content=\"2023-03-16T15:53:07+00:00\" \/>\n<meta name=\"twitter:card\" content=\"summary_large_image\" \/>\n<meta name=\"twitter:site\" content=\"@avenirgroup\" \/>\n<meta name=\"twitter:label1\" content=\"Dur\u00e9e de lecture estim\u00e9e\" \/>\n\t<meta name=\"twitter:data1\" content=\"1 minute\" \/>\n<script type=\"application\/ld+json\" class=\"yoast-schema-graph\">{\"@context\":\"https:\\\/\\\/schema.org\",\"@graph\":[{\"@type\":\"WebPage\",\"@id\":\"https:\\\/\\\/www.hrprofiaufzeit.ch\\\/fr\\\/ueber-uns\\\/\",\"url\":\"https:\\\/\\\/www.hrprofiaufzeit.ch\\\/fr\\\/ueber-uns\\\/\",\"name\":\"\u00c0 propos &#8211; Avenir Group\",\"isPartOf\":{\"@id\":\"https:\\\/\\\/www.hrprofiaufzeit.ch\\\/fr\\\/#website\"},\"datePublished\":\"2018-04-22T20:21:39+00:00\",\"dateModified\":\"2023-03-16T15:53:07+00:00\",\"breadcrumb\":{\"@id\":\"https:\\\/\\\/www.hrprofiaufzeit.ch\\\/fr\\\/ueber-uns\\\/#breadcrumb\"},\"inLanguage\":\"fr-FR\",\"potentialAction\":[{\"@type\":\"ReadAction\",\"target\":[\"https:\\\/\\\/www.hrprofiaufzeit.ch\\\/fr\\\/ueber-uns\\\/\"]}]},{\"@type\":\"BreadcrumbList\",\"@id\":\"https:\\\/\\\/www.hrprofiaufzeit.ch\\\/fr\\\/ueber-uns\\\/#breadcrumb\",\"itemListElement\":[{\"@type\":\"ListItem\",\"position\":1,\"name\":\"Home\",\"item\":\"https:\\\/\\\/www.hrprofiaufzeit.ch\\\/fr\\\/\"},{\"@type\":\"ListItem\",\"position\":2,\"name\":\"\u00c0 propos\"}]},{\"@type\":\"WebSite\",\"@id\":\"https:\\\/\\\/www.hrprofiaufzeit.ch\\\/fr\\\/#website\",\"url\":\"https:\\\/\\\/www.hrprofiaufzeit.ch\\\/fr\\\/\",\"name\":\"Avenir Group\",\"description\":\"Nous promouvons ensemble les personnes et les organisations.\",\"publisher\":{\"@id\":\"https:\\\/\\\/www.hrprofiaufzeit.ch\\\/fr\\\/#organization\"},\"potentialAction\":[{\"@type\":\"SearchAction\",\"target\":{\"@type\":\"EntryPoint\",\"urlTemplate\":\"https:\\\/\\\/www.hrprofiaufzeit.ch\\\/fr\\\/?s={search_term_string}\"},\"query-input\":{\"@type\":\"PropertyValueSpecification\",\"valueRequired\":true,\"valueName\":\"search_term_string\"}}],\"inLanguage\":\"fr-FR\"},{\"@type\":\"Organization\",\"@id\":\"https:\\\/\\\/www.hrprofiaufzeit.ch\\\/fr\\\/#organization\",\"name\":\"Avenir Group\",\"url\":\"https:\\\/\\\/www.hrprofiaufzeit.ch\\\/fr\\\/\",\"logo\":{\"@type\":\"ImageObject\",\"inLanguage\":\"fr-FR\",\"@id\":\"https:\\\/\\\/www.hrprofiaufzeit.ch\\\/fr\\\/#\\\/schema\\\/logo\\\/image\\\/\",\"url\":\"https:\\\/\\\/www.avenirgroup.ch\\\/wp-content\\\/uploads\\\/avenir.png\",\"contentUrl\":\"https:\\\/\\\/www.avenirgroup.ch\\\/wp-content\\\/uploads\\\/avenir.png\",\"width\":500,\"height\":191,\"caption\":\"Avenir Group\"},\"image\":{\"@id\":\"https:\\\/\\\/www.hrprofiaufzeit.ch\\\/fr\\\/#\\\/schema\\\/logo\\\/image\\\/\"},\"sameAs\":[\"https:\\\/\\\/www.facebook.com\\\/avenirgroup\",\"https:\\\/\\\/x.com\\\/avenirgroup\",\"https:\\\/\\\/www.linkedin.com\\\/company\\\/avenirgroup\",\"https:\\\/\\\/www.youtube.com\\\/channel\\\/UCSsjNOO3GSDq1LChWFv1GBQ\"]}]}<\/script>\n<!-- \/ Yoast SEO plugin. -->","yoast_head_json":{"title":"\u00c0 propos &#8211; Avenir Group","robots":{"index":"index","follow":"follow","max-snippet":"max-snippet:-1","max-image-preview":"max-image-preview:large","max-video-preview":"max-video-preview:-1"},"canonical":"https:\/\/www.hrprofiaufzeit.ch\/fr\/ueber-uns\/","og_locale":"fr_FR","og_type":"article","og_title":"\u00c0 propos &#8211; Avenir Group","og_description":"En tant que soci\u00e9t\u00e9 de conseil et de services dirig\u00e9e par ses fondateurs et propri\u00e9taires et ax\u00e9e sur la gestion des ressources humaines, Avenir occupe aujourd\u2019hui une position de leader sur le march\u00e9 suisse. Nous conseillons nos clients et mettons en \u0153uvre avec eux des projets et des solutions dans les domaines suivants : Consulting... weiterlesen","og_url":"https:\/\/www.hrprofiaufzeit.ch\/fr\/ueber-uns\/","og_site_name":"Avenir Group","article_publisher":"https:\/\/www.facebook.com\/avenirgroup","article_modified_time":"2023-03-16T15:53:07+00:00","twitter_card":"summary_large_image","twitter_site":"@avenirgroup","twitter_misc":{"Dur\u00e9e de lecture estim\u00e9e":"1 minute"},"schema":{"@context":"https:\/\/schema.org","@graph":[{"@type":"WebPage","@id":"https:\/\/www.hrprofiaufzeit.ch\/fr\/ueber-uns\/","url":"https:\/\/www.hrprofiaufzeit.ch\/fr\/ueber-uns\/","name":"\u00c0 propos &#8211; Avenir Group","isPartOf":{"@id":"https:\/\/www.hrprofiaufzeit.ch\/fr\/#website"},"datePublished":"2018-04-22T20:21:39+00:00","dateModified":"2023-03-16T15:53:07+00:00","breadcrumb":{"@id":"https:\/\/www.hrprofiaufzeit.ch\/fr\/ueber-uns\/#breadcrumb"},"inLanguage":"fr-FR","potentialAction":[{"@type":"ReadAction","target":["https:\/\/www.hrprofiaufzeit.ch\/fr\/ueber-uns\/"]}]},{"@type":"BreadcrumbList","@id":"https:\/\/www.hrprofiaufzeit.ch\/fr\/ueber-uns\/#breadcrumb","itemListElement":[{"@type":"ListItem","position":1,"name":"Home","item":"https:\/\/www.hrprofiaufzeit.ch\/fr\/"},{"@type":"ListItem","position":2,"name":"\u00c0 propos"}]},{"@type":"WebSite","@id":"https:\/\/www.hrprofiaufzeit.ch\/fr\/#website","url":"https:\/\/www.hrprofiaufzeit.ch\/fr\/","name":"Avenir Group","description":"Nous promouvons ensemble les personnes et les organisations.","publisher":{"@id":"https:\/\/www.hrprofiaufzeit.ch\/fr\/#organization"},"potentialAction":[{"@type":"SearchAction","target":{"@type":"EntryPoint","urlTemplate":"https:\/\/www.hrprofiaufzeit.ch\/fr\/?s={search_term_string}"},"query-input":{"@type":"PropertyValueSpecification","valueRequired":true,"valueName":"search_term_string"}}],"inLanguage":"fr-FR"},{"@type":"Organization","@id":"https:\/\/www.hrprofiaufzeit.ch\/fr\/#organization","name":"Avenir Group","url":"https:\/\/www.hrprofiaufzeit.ch\/fr\/","logo":{"@type":"ImageObject","inLanguage":"fr-FR","@id":"https:\/\/www.hrprofiaufzeit.ch\/fr\/#\/schema\/logo\/image\/","url":"https:\/\/www.avenirgroup.ch\/wp-content\/uploads\/avenir.png","contentUrl":"https:\/\/www.avenirgroup.ch\/wp-content\/uploads\/avenir.png","width":500,"height":191,"caption":"Avenir Group"},"image":{"@id":"https:\/\/www.hrprofiaufzeit.ch\/fr\/#\/schema\/logo\/image\/"},"sameAs":["https:\/\/www.facebook.com\/avenirgroup","https:\/\/x.com\/avenirgroup","https:\/\/www.linkedin.com\/company\/avenirgroup","https:\/\/www.youtube.com\/channel\/UCSsjNOO3GSDq1LChWFv1GBQ"]}]}},"_links":{"self":[{"href":"https:\/\/www.hrprofiaufzeit.ch\/fr\/wp-json\/wp\/v2\/pages\/4166","targetHints":{"allow":["GET"]}}],"collection":[{"href":"https:\/\/www.hrprofiaufzeit.ch\/fr\/wp-json\/wp\/v2\/pages"}],"about":[{"href":"https:\/\/www.hrprofiaufzeit.ch\/fr\/wp-json\/wp\/v2\/types\/page"}],"author":[{"embeddable":true,"href":"https:\/\/www.hrprofiaufzeit.ch\/fr\/wp-json\/wp\/v2\/users\/1"}],"replies":[{"embeddable":true,"href":"https:\/\/www.hrprofiaufzeit.ch\/fr\/wp-json\/wp\/v2\/comments?post=4166"}],"version-history":[{"count":31,"href":"https:\/\/www.hrprofiaufzeit.ch\/fr\/wp-json\/wp\/v2\/pages\/4166\/revisions"}],"predecessor-version":[{"id":9206,"href":"https:\/\/www.hrprofiaufzeit.ch\/fr\/wp-json\/wp\/v2\/pages\/4166\/revisions\/9206"}],"wp:attachment":[{"href":"https:\/\/www.hrprofiaufzeit.ch\/fr\/wp-json\/wp\/v2\/media?parent=4166"}],"curies":[{"name":"wp","href":"https:\/\/api.w.org\/{rel}","templated":true}]}}

À propos

<p>En tant que société de conseil et de services dirigée par ses fondateurs et propriétaires et axée sur la gestion des ressources humaines, Avenir occupe aujourd’hui une position de leader sur le marché suisse. Nous conseillons nos clients et mettons en œuvre avec eux des projets et des solutions dans les domaines suivants :</p>
<ul>
<li><strong>Consulting</strong> – Conseil RH innovant et orienté vers la stratégie</li>
<li><strong>Assessment</strong> – Diagnostic psychologique et économique fondé</li>
<li><strong>Training</strong> – Formations sur mesure et basées sur la pratique</li>
<li><strong>Outplacement</strong> – Gestion active de carrière et en cas de séparation professionnelle</li>
<li><strong>Services</strong> – Concentrer les forces et les utiliser de manière optimale</li>
</ul>
<p>&nbsp;</p>
<p>Près de 100 collaboratrices et collaborateurs à Zurich, Berne, Lucerne, Bâle, Coire et Lausanne mettent cet objectif en pratique avec la plus grande motivation en se servant de l’éventail complet de solutions RH innovantes qui ont fait leurs preuves. Ainsi, nous accompagnons nos clients de différents secteurs d’activité dans toutes les questions relatives à la gestion moderne des ressources humaines.</p>

<p>En tant que société de conseil et de services dirigée par ses fondateurs et propriétaires et axée sur la gestion des ressources humaines, Avenir occupe aujourd’hui une position de leader sur le marché suisse. Nous conseillons nos clients et mettons en œuvre avec eux des projets et des solutions dans les domaines suivants : Consulting<a href="https://www.hrprofiaufzeit.ch/fr/ueber-uns/" style="font-weight:bold;" rel="nofollow">&#8230; weiterlesen</a></p>

<!-- This site is optimized with the Yoast SEO plugin v27.5 - https://yoast.com/product/yoast-seo-wordpress/ -->
<title>À propos &#8211; Avenir Group</title>
<meta name="robots" content="index, follow, max-snippet:-1, max-image-preview:large, max-video-preview:-1" />
<link rel="canonical" href="https://www.hrprofiaufzeit.ch/fr/ueber-uns/" />
<meta property="og:locale" content="fr_FR" />
<meta property="og:type" content="article" />
<meta property="og:title" content="À propos &#8211; Avenir Group" />
<meta property="og:description" content="En tant que société de conseil et de services dirigée par ses fondateurs et propriétaires et axée sur la gestion des ressources humaines, Avenir occupe aujourd’hui une position de leader sur le marché suisse. Nous conseillons nos clients et mettons en œuvre avec eux des projets et des solutions dans les domaines suivants : Consulting... weiterlesen" />
<meta property="og:url" content="https://www.hrprofiaufzeit.ch/fr/ueber-uns/" />
<meta property="og:site_name" content="Avenir Group" />
<meta property="article:publisher" content="https://www.facebook.com/avenirgroup" />
<meta property="article:modified_time" content="2023-03-16T15:53:07+00:00" />
<meta name="twitter:card" content="summary_large_image" />
<meta name="twitter:site" content="@avenirgroup" />
<meta name="twitter:label1" content="Durée de lecture estimée" />
	<meta name="twitter:data1" content="1 minute" />
<script type="application/ld+json" class="yoast-schema-graph">{"@context":"https:\/\/schema.org","@graph":[{"@type":"WebPage","@id":"https:\/\/www.hrprofiaufzeit.ch\/fr\/ueber-uns\/","url":"https:\/\/www.hrprofiaufzeit.ch\/fr\/ueber-uns\/","name":"À propos &#8211; Avenir Group","isPartOf":{"@id":"https:\/\/www.hrprofiaufzeit.ch\/fr\/#website"},"datePublished":"2018-04-22T20:21:39+00:00","dateModified":"2023-03-16T15:53:07+00:00","breadcrumb":{"@id":"https:\/\/www.hrprofiaufzeit.ch\/fr\/ueber-uns\/#breadcrumb"},"inLanguage":"fr-FR","potentialAction":[{"@type":"ReadAction","target":["https:\/\/www.hrprofiaufzeit.ch\/fr\/ueber-uns\/"]}]},{"@type":"BreadcrumbList","@id":"https:\/\/www.hrprofiaufzeit.ch\/fr\/ueber-uns\/#breadcrumb","itemListElement":[{"@type":"ListItem","position":1,"name":"Home","item":"https:\/\/www.hrprofiaufzeit.ch\/fr\/"},{"@type":"ListItem","position":2,"name":"À propos"}]},{"@type":"WebSite","@id":"https:\/\/www.hrprofiaufzeit.ch\/fr\/#website","url":"https:\/\/www.hrprofiaufzeit.ch\/fr\/","name":"Avenir Group","description":"Nous promouvons ensemble les personnes et les organisations.","publisher":{"@id":"https:\/\/www.hrprofiaufzeit.ch\/fr\/#organization"},"potentialAction":[{"@type":"SearchAction","target":{"@type":"EntryPoint","urlTemplate":"https:\/\/www.hrprofiaufzeit.ch\/fr\/?s={search_term_string}"},"query-input":{"@type":"PropertyValueSpecification","valueRequired":true,"valueName":"search_term_string"}}],"inLanguage":"fr-FR"},{"@type":"Organization","@id":"https:\/\/www.hrprofiaufzeit.ch\/fr\/#organization","name":"Avenir Group","url":"https:\/\/www.hrprofiaufzeit.ch\/fr\/","logo":{"@type":"ImageObject","inLanguage":"fr-FR","@id":"https:\/\/www.hrprofiaufzeit.ch\/fr\/#\/schema\/logo\/image\/","url":"https:\/\/www.avenirgroup.ch\/wp-content\/uploads\/avenir.png","contentUrl":"https:\/\/www.avenirgroup.ch\/wp-content\/uploads\/avenir.png","width":500,"height":191,"caption":"Avenir Group"},"image":{"@id":"https:\/\/www.hrprofiaufzeit.ch\/fr\/#\/schema\/logo\/image\/"},"sameAs":["https:\/\/www.facebook.com\/avenirgroup","https:\/\/x.com\/avenirgroup","https:\/\/www.linkedin.com\/company\/avenirgroup","https:\/\/www.youtube.com\/channel\/UCSsjNOO3GSDq1LChWFv1GBQ"]}]}</script>
<!-- / Yoast SEO plugin. -->

À propos &#8211; Avenir Group

En tant que société de conseil et de services dirigée par ses fondateurs et propriétaires et axée sur la gestion des ressources humaines, Avenir occupe aujourd’hui une position de leader sur le marché suisse. Nous conseillons nos clients et mettons en œuvre avec eux des projets et des solutions dans les domaines suivants : Consulting... weiterlesen
